(-15)/(-1) - 0/1?
12
Suppose -2*t = -2*w + 1010, 4*t - 1529 = -6*w + 3*w. Calculate the remainder when w is divided by 15.
12
Let x = 1465 - 1453. Let z be (-637)/(-9) + 2/9. Let k = z + -38. What is the remainder when k is divided by x?
9
Let h be 2*(2 + 0/1). Suppose -4*d - 3*g = -13, h*d - 4*g + 35 - 83 = 0. Suppose -21 = -4*l + 59. Calculate the remainder when l is divided by d.
6
Suppose 0 = -25*r + 328 - 178. Let l(j) = -j**3 + 10*j**2 - 8*j + 7. What is the remainder when l(9) is divided by r?
4
Let f = -79 + 83. What is the remainder when 6 is divided by f?
2
Let u(l) = -l**3 - 10*l**2 - 10*l + 16. Let s be u(-7). Let q = s + 64. Calculate the remainder when 48 is divided by q.
0
Let n = -1954 - -2049. What is the remainder when n is divided by 4/(-10) + (-122)/(-5)?
23
Calculate the remainder when -1 + 5 + (487 - 6 - 6) is divided by 23.
19
Let d(p) = -8*p - 17. Let b(l) = 2*l - 12. What is the remainder when d(-8) is divided by b(16)?
7
Suppose -a + 5*f + 38 = 0, -3*f - 33 = -a + f. What is the remainder when a is divided by 2?
1
Let k(r) = 26*r**2 - 2*r + 3. What is the remainder when k(2) is divided by 22?
15
Let v(d) = 2*d + 75. Calculate the remainder when 34 is divided by v(-26).
11
Suppose -p - 24*z = -23*z - 70, -198 = -3*p + 3*z. What is the remainder when 203 is divided by p?
67
Suppose 43 = 4*s + 3. Suppose -104 = -5*a + 3*o - 5, 0 = 3*a + 3*o - 69. Calculate the remainder when s is divided by (a/35)/((-3)/(-15)).
1
What is the remainder when (-3136)/(-21) - 1/3 is divided by 19?
16
Suppose 0*u + z - 282 = -2*u, -3*u + 423 = -2*z. Suppose -46 = -142*o + u*o. Calculate the remainder when o is divided by 12.
10
Suppose 0 = 3*j - 443 - 34. What is the remainder when j is divided by 8?
7
Suppose 4*c + 0*c - g = 20, -2*c = -3*g - 20. Suppose c*f = 81 + 39. Calculate the remainder when f is divided by 11.
8
Suppose 5*f - 147 - 93 = 0. Suppose 0 = -2*m + 5*m - f. Suppose t + 11 - m = 0. Calculate the remainder when 19 is divided by t.
4
Let y be (2 - 1) + -1 + 2 - -167. Let a = y + -86. What is the remainder when a is divided by 21?
20
Suppose -g + 14 = -28. Suppose 810 = -311*x + 316*x. What is the remainder when x is divided by g?
36
Let p(j) = -5*j - 7. What is the remainder when 179 is divided by p(-4)?
10
Let t = 4 + 8. Suppose 0*z = -2*z - t. Calculate the remainder when 81/z*6/(-9) is divided by 6.
3
Let k(u) = 2*u - 1. Let j(l) = l**2 + 10*l - 9. Let c be j(-9). Let q be k(c). Let p = q - -53. Calculate the remainder when 61 is divided by p.
13
Let t = -9 + 11. Suppose 6 = t*f - 2. Suppose 5*z - 11 = f*z. Calculate the remainder when 42 is divided by z.
9
Let m(t) = -t**2 + 13*t - 31. Calculate the remainder when 15 is divided by m(8).
6
Let m = 486 - 475. What is the remainder when 29 is divided by m?
7
Let u be 4/(-8)*-1*8. Let r(v) = v**3 + 9*v**2 + v + 9. Calculate the remainder when r(-8) is divided by (-2)/8*-17*u.
14
Let l(z) be the second derivative of z**4/12 - z**3/2 - 17*z**2/2 - 19*z. Calculate the remainder when 37 is divided by l(7).
4
Suppose 0 = -16*a - 17 + 209. Calculate the remainder when 102 is divided by a.
6
Let j = 9 + -15. Let h = 395 + -381. What is the remainder when (-282)/(-7) - j/(-21) is divided by h?
12
Let l(h) = -h - 7. Calculate the remainder when l(-31) is divided by 17.
7
Suppose 3*w + g - 4*g = -153, -5*w + 4*g - 255 = 0. Let j = w + 91. Calculate the remainder when 119 is divided by j.
39
Let t(o) = -o**3 + 2*o**2 + 2. Let c be t(2). Suppose -c*z - 13 = 5. Let f = 9 - z. What is the remainder when 51 is divided by f?
15
Let u(n) = -n**3 - 8*n**2 + 9*n + 6. Let g be u(-9). Suppose g = 4*h - 22. Calculate the remainder when h is divided by 2.
1
Let o = -115 + 130. Calculate the remainder when 57 is divided by o.
12
Let x(p) = -p**3 - 78*p**2 + 85*p + 552. Let m = 10 - 0. Calculate the remainder when x(-79) is divided by m.
8
Suppose 0*l - 3*l + 3 = 0. Let a be (-1)/(l/(-69) + 0). Suppose 4*z = a + 35. Calculate the remainder when 75 is divided by z.
23
Let y be -2 + 72/5 + (-63)/(-105). Let s(t) = t + 7. Let v be s(-5). Let o = y - v. What is the remainder when 31 is divided by o?
9
Let g be (-3*(-4)/36)/((-3)/(-549)). Let j = g - 51. Calculate the remainder when 109 is divided by j.
9
Let p be (-2)/7 + 6/21. Let q(y) = y**3 - y**2 - y + 2. Let d be q(p). Suppose -d*i + 21 = 5. What is the remainder when 15 is divided by i?
7
Let a be 56/21 - 1/(-3). Let c be ((-1)/a)/(13/(-2691)). Suppose -90 = -3*y + 2*r, 5*y = -4*r + c + 59. What is the remainder when 55 is divided by y?
27
Let p be (-735)/(-9) - (-2)/(-3). Suppose 2*n = 4*u + 52, -211 + p = -5*n + 4*u. Calculate the remainder when n is divided by 8.
2
Let q be (50/8)/((-14)/112). Let t = 69 + q. What is the remainder when 73 is divided by t?
16
Let j(n) = 5*n**2 - 4*n - 1. Let s be j(-4). Suppose -5*k + s = 4*y + 20, 3*k + 15 = 0. Let p = 621 + -572. What is the remainder when p is divided by y?
24
Suppose 410 = -2*i - 3*i. Let c = i - -180. Calculate the remainder when c is divided by 34.
30
Let p(t) = -116*t + 499. Calculate the remainder when p(3) is divided by 16.
7
What is the remainder when 306 is divided by 6/4*(-66)/(-9)?
9
Let q(n) = -n**3 - 11*n**2 - 11*n - 5. Let j be q(-10). Suppose -j*t + 60 + 40 = 0. Calculate the remainder when 78 is divided by t.
18
Suppose -4*k = 7 - 15. Suppose m = -k*m - 4*s + 127, m - 49 = 2*s. What is the remainder when 178 is divided by m?
43
Suppose -325 = -5*u - 15. Let m(n) = -n**2 + 2*n. Let g be m(3). What is the remainder when u is divided by 15 + g + 3 + -2?
10
Let d(t) = 5*t**2 + 8*t - 69. What is the remainder when 771 is divided by d(4)?
40
Suppose 3*f + 22 = 5*f. Let b(z) = 5*z - 9. Let g = 25 - 19. Calculate the remainder when b(g) is divided by f.
10
Let g(r) = 10*r**2 - 50*r - 2. Calculate the remainder when g(6) is divided by 22.
14
Let b = -48 - -52. What is the remainder when (b/48*4 + -1)*-6 is divided by 4?
0
Let w = 6 + -2. Suppose 3*f - 2*u - 25 = 0, w*f - 44 = -3*u - 5. What is the remainder when 25 is divided by f?
7
Suppose -8792 = -39*k + 607. What is the remainder when k is divided by 65?
46
Let y(a) = -a**3 - 7*a**2 - 3*a + 19. Let f = 0 + 2. Calculate the remainder when f is divided by y(-6).
0
Suppose 0*a - 5*a = -5*k + 40, -3*k = 3*a. Let l(q) = q**2 + 2*q + 4. Calculate the remainder when 106 is divided by l(a).
10
Let m(v) = -3*v + 5. Suppose 7 = 5*h - 243. What is the remainder when h is divided by m(-4)?
16
Calculate the remainder when 54 is divided by (-7)/(-6) - 2506/(-84).
23
Calculate the remainder when 124 is divided by 4*(-74)/(-12) - 68/(-51).
20
Let g(u) = -u**2 - 15*u - 4. Let l be g(-15). Calculate the remainder when 75 is divided by l*7*(-5)/20.
5
Suppose 4*h = 55 - 27. What is the remainder when 15 is divided by h?
1
Let h(q) = q**3 + 3*q**2 - 5*q - 2. Let y be h(-4). Suppose -5*c = 5, 0 = -y*m - 4*c + 3 + 43. Calculate the remainder when 99 is divided by m.
24
Suppose -l + 6 = t, -5*l + t = 3*t - 27. Suppose -g - 3*h = 4*g - 50, l = -h. Calculate the remainder when g is divided by 2.
1
Let j = 1133 + -1104. Let h(w) = 58*w - 4. Let y be h(3). Suppose -3*d = -f + 40, -3*f - 4*d = -3*d - y. What is the remainder when f is divided by j?
26
Let y(l) = l**3 - l + 2. Let r be y(2). Let t = -4 + r. Let o(z) = -4*z - 3. What is the remainder when o(-4) is divided by t?
1
Let t = 5 + 33. Suppose t = 8*w - 3*w + v, 4*v + 23 = 5*w. Let z(i) = -4*i**3 - 2*i**2 - i + 1. Calculate the remainder when z(-2) is divided by w.
6
Let a(m) = -m**2 - 32*m - 20. What is the remainder when a(-13) is divided by 57?
56
Let a = -446 + 472. Suppose -2*p - 5 = w - 1, -p = 5*w - 25. Calculate the remainder when a is divided by w.
2
Let y = -28 - -36. What is the remainder when 45 is divided by y?
5
Suppose 5*a = 60 + 20. Suppose -4*h = 5*s - 386, 3*s = -3*h + 277 + 11. Calculate the remainder when h is divided by a.
14
Let m = -72 - -75. What is the remainder when 3 is divided by m?
0
Let s = 17 + -24. Let n(z) = 2*z**2 + 3*z - 14. Calculate the remainder when n(s) is divided by 11.
8
Let y be 1 + 0 - 90/5. Let f = y - -46. Calculate the remainder when 55 is divided by f.
26
Suppose 3*i - 166 = 4*c, -2*c - 206 = -4*i + 2. Let q = i + -12. Calculate the remainder when q is d